the prime factors of d?
173
Let c(u) = 3*u - u + 14 + 4*u + 2 + 2*u**2. What are the prime factors of c(-3)?
2
Let z = 124 + -120. Let b be 1064/6 + (-2)/(-3). Suppose -z*t - 2*r = -b, 0*r - 91 = -2*t + r. What are the prime factors of t?
3, 5
Suppose 2*y + 6369 - 1629 = 2*q, 4*y = -5*q + 11868. What are the prime factors of q?
2, 593
Let b = 89 + -41. Suppose -p - 5*a - b = -2*p, 2*p = -4*a + 138. Let w = 118 - p. What are the prime factors of w?
5, 11
Suppose 10*r = -0*r + 8640. What are the prime factors of r?
2, 3
Let c(g) = 38*g + 4. Suppose 3*r = -5*x - 9, 0 = r + 4*x + 4 - 1. Let h be c(r). Let z = -78 - h. List the prime factors of z.
2
Suppose -p + 5 = -5. Let i = -13 + p. What are the prime factors of 2/(-3) - 101/i?
3, 11
Let j = 31 + -19. What are the prime factors of j/8*(-68)/(-3)?
2, 17
Suppose 0 = -m - l - 52, 4*l + 96 = -0*m - 2*m. Let c = m - -69. What are the prime factors of c?
13
Let d(h) = 32 + 10 - 12 + 11*h. List the prime factors of d(8).
2, 59
Let c(v) = -2*v - 9. Let f be c(-7). Suppose f = 3*y - 10. Suppose -4*j = 20, -131 = -3*u + y*j - 22. What are the prime factors of u?
2, 7
List the prime factors of ((-2170)/93)/(2/(-21)).
5, 7
Let b = -655 + 1596. List the prime factors of b.
941
Let o = 98 - 70. What are the prime factors of o/2*(24 + -23)?
2, 7
Let m = -8 - -90. What are the prime factors of m?
2, 41
Let s(b) = 83*b**2 + b + 2. List the prime factors of s(-4).
2, 3, 13, 17
Suppose -2*m + 0*p = -4*p + 16, 4*m - 13 = -p. Suppose -l + 0*q - m*q + 61 = 0, -4*q + 69 = l. What are the prime factors of l?
53
Let z be 2/(-1)*(0 + -2). Suppose -216 = -4*w + 5*o, -z*o = -w + 28 + 15. What are the prime factors of w?
59
Suppose g = -0*g + 5*d - 8, d - 4 = -g. Suppose -c + g*i + 4 = 0, -2*c - 5 = 5*i - 13. Suppose c = 2*n - 0. List the prime factors of n.
2
Suppose 232 = 3*q - h, -2*q + 2*h = 5*h - 162. Suppose -3*w = -4*a + q, 4*a - 64 = -3*w - w. List the prime factors of (a/(-1))/(4/(-2)).
3
Let v(m) = -5*m - 34. Let x be v(-7). List the prime factors of 42 - (x - 3 - -1).
43
Let l(p) = 3 - 3 - 52*p - 92*p - 1. Let n be l(-4). List the prime factors of n/69*(4 - 1).
5
Suppose 0 = 5*t - 0*t - 2*z - 2, -2 = 5*t - 3*z. Suppose 10*g - 780 = -t*g. What are the prime factors of g?
5, 13
Suppose -l - 13 = -17. Suppose 0*t - 854 = -4*t + i, 860 = l*t + 2*i. What are the prime factors of t?
2, 107
Suppose 0*c - 26 = 2*c. Let x = -98 + 156. Let g = c + x. List the prime factors of g.
3, 5
Let i = 7172 + -3237. List the prime factors of i.
5, 787
Suppose -u + 2*g = -1, 4*g = -u + g + 11. Let w be 40*(-2 + u/2). Suppose 0 = -4*n + 4*j + 40, 4*n + 3*j + 8 - w = 0. What are the prime factors of n?
2, 3
Let y = 105 - 97. What are the prime factors of (y/(-16))/(1 - (-939)/(-936))?
2, 3, 13
Suppose 12 = 10*o - 4*o. Suppose -4*w + o*j = -310, -w = -5*w + 4*j + 316. What are the prime factors of w?
2, 19
Suppose -14*y = -40824 + 5110. What are the prime factors of y?
2551
Let n = 8489 - 4552. List the prime factors of n.
31, 127
Suppose 0 = -2*k - 4*p - 22 - 4, 0 = -2*p. Let u = k + 50. List the prime factors of u.
37
Let j = 835 + -518. List the prime factors of j.
317
Suppose 3*t + 0*f + 3*f - 99 = 0, 21 = t - 2*f. Let n(v) = -t*v**3 + 0*v + 2*v**2 - 2 + 3*v + 23*v**3. List the prime factors of n(-2).
2, 3
Let h(n) = 26*n**2 + 45. List the prime factors of h(-5).
5, 139
Suppose -3 = -o + 4*o, v = 3*o + 9. What are the prime factors of 1722/9 + v + 1/(-3)?
197
Suppose -21*g - 71 = -15401. List the prime factors of g.
2, 5, 73
Let x(m) = -170*m + 11. Let v be x(-5). What are the prime factors of ((-6)/9)/(v/432 + -2)?
2, 3
Let p(c) = -2*c + 180. What are the prime factors of p(-39)?
2, 3, 43
Let j = 39 - 34. Suppose -404 + 84 = -j*h. What are the prime factors of h?
2
Let x = -476 - -635. What are the prime factors of x?
3, 53
Suppose -5*x + 1255 = 4*o, -2*x + 2*o = -173 - 311. List the prime factors of x.
13, 19
Suppose -189 = -l + r, 67*r = 63*r - 4. List the prime factors of l.
2, 47
Suppose -3531 = -0*o - 11*o. What are the prime factors of o?
3, 107
Let j be 1150/(-1)*(-3)/6. Suppose -5*i + j = 5. Suppose i = -2*y + 5*y. What are the prime factors of y?
2, 19
Let r be (-4)/3*(-6)/(-4). Let k = 4 + r. Suppose y - 14 = -k*c, -77 = -5*y - 4*c - 1. What are the prime factors of y?
2
Let k be 0 + 0 + (-3190)/(-11). List the prime factors of (k/20)/((-2)/(-4)).
29
Let t = 38 - -145. Suppose -4*k + 7*k = t. List the prime factors of k.
61
What are the prime factors of 17420/208*1/(1/8)?
2, 5, 67
Suppose 5*c = -4*h + 5, -3*h - 3*c - c = -3. Suppose -2*l + 5 = -h. Suppose 0 = -5*r + 3*b + b + 116, l*b = 5*r - 115. What are the prime factors of r?
2, 3
Suppose 0 = 5*p - 8*p + 6. Suppose -v = -7*d + 2*d - 25, -p*d - 10 = 3*v. Suppose v = -g + 3*g - o - 15, 3*g = -3*o. List the prime factors of g.
5
Suppose -58 = -2*m - 170. Let v = m - -87. List the prime factors of v.
31
What are the prime factors of (-112)/12*-27*244/42?
2, 3, 61
Let k(m) be the second derivative of 16*m**3/3 - m**2 + m. List the prime factors of k(1).
2, 3, 5
Suppose 0 = 18*u - 44461 + 9001. What are the prime factors of u?
2, 5, 197
Let n = -32 + 21. Let c(i) = -13*i + 2. Let j be c(2). Let q = n - j. List the prime factors of q.
13
Suppose 4*v + h = 5*h + 20, -3*h - 9 = -v. Suppose -4*c + 2*d + 1268 = 0, -5*d = -v*c + 1301 - 357. List the prime factors of c.
2, 3, 53
Let p = 14 + 2. Suppose 0 = w + 5 - p. List the prime factors of w.
11
Let x(s) = 5*s**2 - 2*s + 2. Suppose q + f = 2*f - 1, -5*q + 3*f + 1 = 0. Let v be x(q). What are the prime factors of (-4)/v + (-1090)/(-45)?
2, 3
Let c(d) = d - 4. Let j be (-4)/(-10) + (-114)/(-15). Let i be c(j). List the prime factors of 10/(-15)*(-102)/i.
17
Suppose 0 = 182*c - 178*c - 8300. What are the prime factors of c?
5, 83
Let i = -292 + 551. Let h = i + -120. What are the prime factors of h?
139
Let a(r) = -57*r**3 - 5*r**2 - 11*r - 19. What are the prime factors of a(-3)?
2, 13, 29
Suppose 0 = 3*q - 21 - 30. Let w = -1 + 5. Let v = w + q. What are the prime factors of v?
3, 7
Suppose -3 = 2*l - 7. Suppose -2*m + 47 = -5*v + 386, -v + 71 = -l*m. What are the prime factors of v?
67
Let g = 1516 - 219. Suppose 0 = 19*o + g - 5534. What are the prime factors of o?
223
Suppose 11 - 1 = 5*v - 5*q, v - 2 = -5*q. Suppose -p + 2 = -v. Suppose p*x = 4*w + 2 + 46, -5*w - 5 = 0. List the prime factors of x.
11
Let k = -5511 - -8913. What are the prime factors of k?
2, 3, 7
Suppose 482160 = -14*n + 137*n. What are the prime factors of n?
2, 5, 7
Suppose 21 = 3*c - 3*i + 8*i, 4*c - i = 51. Suppose -16*l + 232 = -c*l. Suppose 3*p - 5*p = 2*x - l, 0 = -4*x + p + 106. List the prime factors of x.
3
Suppose 5*l - 2*d - 15 = 45, 3*d + 15 = 0. Let p = l + 78. Suppose p = 4*m + 20. List the prime factors of m.
17
Let a(l) = 181*l**2 + 1. What are the prime factors of a(3)?
2, 5, 163
Let x(i) = 9*i**3 + 7*i - 1. Let t(h) = h**2 + h - 1. Let o(s) = -6*t(s) + x(s). What are the prime factors of o(3)?
197
Let d = -71 - -114. Let o = 178 - d. What are the prime factors of o?
3, 5
Let w(k) = -k**2 - 47*k + 36. List the prime factors of w(-32).
2, 3, 43
Let o = -797 - -1232. Suppose 5*g - o - 90 = 0. List the prime factors of g.
3, 5, 7
Suppose -2*h - h = -6537. What are the prime factors of h?
2179
Suppose -5*f = -5*k + 775, k + k = f + 312. What are the prime factors of k - (-2)/2*-2?
5, 31
Let w be ((-10)/(-6))/((-3)/(-9)). Suppose 2*y + 2 = 0, -w*t + 81 = -5*y - 104. What are the prime factors of 4/(-4 + 147/t)?
2, 3
Let o(s) = s**2 + 7*s - 7. Let b be o(-8). Let y = b - 0. List the prime factors of -3*y*472/(-24).
59
Let h be (-26)/91 + (-16)/(-7). Suppose -5*w + 95 = 2*t - h*w, 141 = 3*t + 4*w. List the prime factors of t.
43
Suppose -158 = -t + 4*t - 2*k, 4*t = k - 214. Let c = -1 - t. What are the prime factors of c?
53
Suppose -v = -0*v - 3. Suppose 0 = v*m + 1 + 38. What are the prime factors of (-66)/(-2) - 39/m?
2, 3
Let v = 97 - 145. Let c be (v/(-10))/(1/(-10)). List the prime factors of (c/(-32))/((-1)/(-16)).
2, 3
List the prime factors of 27729/90 + (-4)/40.
2, 7, 11
Let h(l) = -5*l**2 + 20*l + 69. Let x(r) = r**2 - 4*r - 14. Let j(g) = -2*h(g) - 11*x(g). Let d be j(8). Let z = d - -23. What are the prime factors of z?
7
Suppos